08*m - 5*t, 0 = -3*t + 3. List the prime factors of m.
2, 5, 2579
Let c be 2904/(-495) + (-4)/30. What are the prime factors of (3 + 0 + (c - -1))*-139?
2, 139
Suppose -2518425 = 55*m - 14*m. List the prime factors of (-4)/(-32) - m/120.
2
Let x(d) = 4171*d + 24. What are the prime factors of x(5)?
20879
Let d(l) = l**2 + 19*l + 26. Let h be d(-19). Suppose -9541 = -h*p + 2835. List the prime factors of p.
2, 7, 17
Let v = 502 + -498. Suppose -v*s + 3*k + 1842 = 0, 3*s - 4*k + 9*k - 1396 = 0. List the prime factors of s.
2, 3, 7, 11
Suppose 78 = -118*u + 124*u. Suppose u*d - 1679 = 193. What are the prime factors of d?
2, 3
Let j(f) = -4*f**3 - 7*f**2 + 126*f + 6. What are the prime factors of j(-18)?
2, 3, 13, 241
Let j(i) = -i**3 - 6*i**2 - 9*i - 1. Let a be j(-4). Suppose 0 = a*z + 704 - 2093. Suppose -9*b + 2560 - z = 0. List the prime factors of b.
233
Let k(o) = 211*o**2 + 428*o + 7. List the prime factors of k(8).
3, 5, 1129
Suppose 2*a - 2*x + 1706 = 0, -1079 = 5*a - 4*x + 3190. Let h = 933 + a. List the prime factors of h.
2, 19
Suppose -5*s = 24 - 4. Let z be -5 - s/(-6)*-12. Suppose 2*d + 242 = z*d. What are the prime factors of d?
2, 11
Let b = 46 + 33. Let a = b - 77. Suppose -a*o - 258 = -2*j, 2*j - 274 = -2*o - 0*o. List the prime factors of j.
7, 19
Suppose 4*n - 2*v = 7670, -3*n = -29*v + 31*v - 5749. List the prime factors of n.
3, 71
Let w = 742 + -219. Suppose -d + w = -3*k, 5*d + k - 2434 = 213. What are the prime factors of d?
23
Let v(b) = -263*b - 1. Let p be v(-1). Suppose p = 5*s - 1148. What are the prime factors of s?
2, 3, 47
Let t = 182 - 173. Suppose 7*b + 834 = 4*y + t*b, 0 = -y + 2*b + 211. List the prime factors of y.
11, 19
Let z = -436 - -445. Let s(i) = 57*i + 58. List the prime factors of s(z).
571
Let p(z) = 29*z**2 - 158*z - 5. Let f be p(12). Let j = -1291 + f. What are the prime factors of j?
2, 3, 41
Let m = 55816 - 14000. List the prime factors of m.
2, 5227
Suppose 5*r - 11984 = 3*b + 3162, -2*r = b - 6065. What are the prime factors of 1*r/(-7)*-1?
433
Let w = 47 + -44. Suppose 4*h + 66 = 2*r - r, w*r - 184 = 5*h. Suppose -3*y + r = -n, 4*y + 3*n - 17 = 56. What are the prime factors of y?
19
Let b(h) = 8 - 2*h**3 + 16*h**2 - 36*h - 10 + 11 + 3*h**3. What are the prime factors of b(-18)?
3
Let y be ((-6)/(-12))/(2/100). Suppose 5*a - 2*i + 2 = y, -5*a - 3*i = -3. Suppose -2*c - 8 = 0, -a*b + 3*c = -701 - 40. What are the prime factors of b?
3
Suppose -3*z + 4*a + 26068 = 0, 4*z - 958 = 3*a + 33804. Suppose 0 = -12*t + 4544 + z. List the prime factors of t.
1103
Let j(w) = w**2 - 1. Let b(t) = t**3 + 3*t**2 - 100. Let g(i) = -b(i) + 5*j(i). Suppose 3*n = -10*y + 9*y - 5, 25 = -5*n - 5*y. List the prime factors of g(n).
5, 19
Let i(a) = 1. Let p(v) = 84*v - 8. Let m(c) = 4*i(c) - 2*p(c). What are the prime factors of m(-3)?
2, 131
Let b be ((-40)/(-50))/(8/20). Suppose 5*d + b*s = 1924, 2*d = 9*s - 10*s + 770. What are the prime factors of d?
2, 3
Let a = 58497 - 33251. List the prime factors of a.
2, 13, 971
Let n be (-1)/(3/(-1911) - 0). Let m(z) = -318*z - 1264. Let r be m(-4). Suppose r*l - n = l. List the prime factors of l.
7, 13
Let q = -2270 + 6573. List the prime factors of q.
13, 331
Suppose 9 = -v - 0*v + 4*y, 0 = 3*y - 12. Suppose 18 = -v*b + 46. Suppose -2*d = b*u - 74, -d + 4*d - 61 = 4*u. What are the prime factors of d?
3
Suppose -8*i - 750 - 10 = 0. Let x = 357 + i. What are the prime factors of x?
2, 131
Suppose 239425 = 40*a - 72444 + 52069. What are the prime factors of a?
3, 5, 433
Suppose 4*r = -5*q + 391519, 26495 + 286714 = 4*q - 3*r. List the prime factors of q.
3, 43, 607
Suppose -o + 45 = -4*k, k + 12 = o - 0*o. Let r = 42 + k. Let z = 38 - r. What are the prime factors of z?
7
Let p(k) = -k**2 - k + 1. Let g(y) = 3*y**2 - 27*y + 10. Let l(b) = g(b) + p(b). What are the prime factors of l(-8)?
3, 11
Let q(z) = -4 - 1 + 6*z + 0 - 6. Suppose 0 = -5*j + 5*l - 2*l + 92, -52 = -3*j + l. List the prime factors of q(j).
5, 17
Suppose -5*z + 8*z + 9 = 0. Let i be ((-1)/z)/(1/132). Suppose -g + 39 = -i. What are the prime factors of g?
83
Let f(q) = -15*q + 281. Let g be f(19). What are the prime factors of g/((-28)/7791)*1?
3, 7, 53
Let w = 8326 + -3772. List the prime factors of w.
2, 3, 11, 23
Suppose 0 = o + 4*u - 79075, -5 = 3*u - 11. What are the prime factors of o?
17, 4651
Let r(a) = 1296*a - 145. List the prime factors of r(5).
5, 7, 181
Suppose -445745 + 274813 = -194*r + 737182. What are the prime factors of r?
31, 151
Suppose 12 = 2*m + 3*l, -3*m + 2*l - 6*l + 16 = 0. Suppose 4*z - 8*z + 2735 = -5*v, m = 4*z + v - 2741. List the prime factors of z.
5, 137
Suppose -19*w + 5*k - 35800 = -24*w, w - 7180 = 4*k. What are the prime factors of w?
2, 3, 199
Let j be 2/4 - ((-68)/(-8) + 8). What are the prime factors of (-1548)/j - (-2)/8?
97
Let x = 279 - 1277. List the prime factors of -11 + 8 + (-2 - (x + -2)).
5, 199
Suppose -2*l = -2*j - 62740, -1017*l + 1020*l + 3*j - 94104 = 0. List the prime factors of l.
13, 19, 127
Suppose -2*g + 505*h + 8153 = 500*h, -5*g + 20297 = 16*h. What are the prime factors of g?
13, 313
Let x = 300 - 315. What are the prime factors of ((-33)/x)/((-21)/(-105))?
11
Suppose 16*y - 13*y = -1833. Let x = -374 - y. List the prime factors of x.
3, 79
Suppose 0 = 5*q + 5*j - 127225, -10*q + 6*q + 2*j = -101810. What are the prime factors of q?
2, 5, 509
Suppose -4142 - 4178 = -8*d. What are the prime factors of d?
2, 5, 13
Suppose 95685 = 15*x - 27*x + 27*x. What are the prime factors of x?
6379
Let r(p) = 115*p**2 + 4*p. Let u be r(2). Let l = u + -144. List the prime factors of l.
2, 3
Suppose -i - 17164 = -4*c, -2*c - 2*i + 21468 = 3*c. List the prime factors of c.
2, 29, 37
Let i(t) = t + 1. Let u(g) = -13*g**2 + 7*g + 11. Let l(p) = 4*i(p) - u(p). List the prime factors of l(3).
101
Suppose 5*o = 2*s + 1325, -o + 4 = 3*o. Let f = -1143 - s. List the prime factors of f/(-2)*2/3.
7, 23
Let m(c) = -1104*c + 48145. What are the prime factors of m(0)?
5, 9629
Suppose -4*t + 1000 = p, -t + 3*p + 9 = -228. Let x(m) = -m**2 + 14*m - 37. Let f be x(4). Suppose -f*h + 6*h = t. What are the prime factors of h?
83
Let q = -4556 - -21622. List the prime factors of q.
2, 7, 23, 53
Suppose 0 = f - 2 + 1, 0 = 5*r - 3*f - 52. Suppose 2*x + 1889 = 5*h, -15*x + r*x = -4*h + 1516. List the prime factors of h.
13, 29
Suppose 10584 = 11*x + 128*x - 104508. What are the prime factors of x?
2, 3, 23
Let c = -20 + 21. Let f be 46 - 37 - c*-5. Suppose -f = 7*h - 8*h. List the prime factors of h.
2, 7
Suppose -224*b = -234*b - 1760. Suppose 68 = 2*a + 602. Let i = b - a. List the prime factors of i.
7, 13
Suppose 14632 + 15202 = 7*n. What are the prime factors of n?
2, 2131
Let g(m) = m**3 + 54*m**2 - 171*m + 47. Let a be g(-57). Let q be (-3)/6 + (-155)/(-2). Let i = q - a. List the prime factors of i.
2, 3, 5
Let k = 35 - 41. Let n be 139 + k + 2 + -6. Suppose 0*g - g + 5*u + n = 0, 5*g - u - 621 = 0. What are the prime factors of g?
2, 31
Let t(a) = -a + 47. Let q be t(44). List the prime factors of 2 - ((-12 - -10) + -389*q).
1171
Let w be -3*((-3)/(-6) - (-21)/(-18)). List the prime factors of (w + (-14)/(-2))*1694/11.
2, 3, 7, 11
Let c = 84210 + -37336. What are the prime factors of c?
2, 23, 1019
What are the prime factors of (-36864)/80*80/(-6)?
2, 3
Let c be ((-2)/4)/((-5)/(169 - -1)). Suppose 7*s - c*s + 2080 = 0. Suppose -4*v + 188 = 3*y, -y = 4*v - 3*y - s. What are the prime factors of v?
2, 5
Let x(d) = d**3 + 77*d**2 + 129*d + 58. What are the prime factors of x(-27)?
5, 1321
Suppose 156 - 1 = 31*x. Suppose 530 = x*q - 2*s, -3*q + 2*q - 4*s + 106 = 0. What are the prime factors of q?
2, 53
Let s(a) = -158*a - 9. Let d(i) = 237*i + 14. Let p(k) = -5*d(k) - 7*s(k). Let c be p(-3). Suppose 41*v = 39*v + c. List the prime factors of v.
5, 23
Let x(h) = 65*h + 89. Suppose 0 = -4*p + 3*u + 15, p - 2*u = 2*p - 12. What are the prime factors of x(p)?
479
Suppose -109*d - 1494779 = -5317567 - 1092676. List the prime factors of d.
2, 3, 1879
Let k(b) = 378*b - 1033. What are the prime factors of k(11)?
5
Suppose 14*t = -16*t - 4*t + 1239402. List the prime factors of t.
3, 29, 419
Let h(k) = 3*k**3 + 120*k**2 - 21*k - 22. List the prime factors of h(-17).
2, 37, 1